92 + -7580. Calculate the greatest common factor of c and 2574.
6
Suppose -3*f + 336 = -w + 130, f = 2*w + 67. Let a = f + -67. Suppose 0 = a*y - 55 - 1. What is the highest common divisor of 8 and y?
4
Let o be (-5)/((-5)/(-16)) + 3 + 0. Let v(x) = -24*x - 259. Let p be v(o). What is the greatest common divisor of 1537 and p?
53
Let q = -61 + 70. Let g = -24 - -27. Suppose -4*a = -3*h + 7*h - 112, -83 = -g*h - 2*a. Calculate the highest common factor of h and q.
9
Let z be 2/2 - 2 - (-55 - -3). Suppose -2*l + l + i = -11, 5*l = i + z. Suppose 8*b - 3*b = l. Calculate the greatest common divisor of 1 and b.
1
Suppose -5*y - 2 = -22. Suppose -2*c + 2*w + 16 = 0, 0 = -y*c + 3*w + 37 - 0. What is the highest common divisor of 403 and c?
13
Suppose -12*h = -10*h + g - 1384, 2*g + 2776 = 4*h. What is the greatest common factor of 66 and h?
33
Suppose -8*g + 130 = -3*g - 2*t, -5*g - 3*t = -105. Calculate the greatest common factor of 15672 and g.
24
Let u be (-874)/(-12) - (80/(-432))/((-2)/9). What is the highest common factor of u and 171?
9
Let h = -129 + 199. Let q be (26/(-10) + (5 - 2))/((-12)/(-2700)). Calculate the greatest common divisor of q and h.
10
Let o = 4742 - 2485. What is the highest common divisor of o and 37?
37
Suppose -h + 3*j + 30 = 0, -190 = -3*h - 2*h - 5*j. Let u = 231358 - 231226. Calculate the highest common divisor of h and u.
12
Let x = 153 - 27. Let g be (-1767)/(-12) - 2/8. Suppose x = -144*s + g*s. Calculate the highest common divisor of s and 28.
14
Let a = -13148 + 14604. Calculate the highest common factor of 42 and a.
14
Let r(k) = 5*k**2 - 99*k - 24. Let w be r(-8). Calculate the greatest common divisor of 128 and w.
64
Let h(f) = -4*f + 5*f - 20*f. Let i be h(-1). Suppose 25*g - 4397 = 122*g - 20984. What is the greatest common factor of i and g?
19
Let s be (-5 + 2)/((60/(-820))/1). What is the greatest common divisor of s and 4633?
41
Let v(r) = -109*r + 168. Let h be v(0). What is the greatest common factor of h and 1424?
8
Let w(x) = -x**2 - 36*x - 61. Suppose -17*h = 359 + 219. Let f be w(h). What is the greatest common factor of f and 7?
7
Suppose 4*r = -4*r - 80. Let v = 46 + r. Calculate the highest common factor of v and 168.
12
Let i(u) = 49*u**2 - u + 2. Let h be i(1). Let f be (-44 + 19)*(0 + -4). What is the highest common divisor of f and h?
50
Let x = 1109 - -353. Suppose 2*g - x = 694. What is the highest common divisor of g and 22?
22
Let y(w) = 184*w - 368. Let f be y(3). Let l = 39 + -31. What is the highest common factor of f and l?
8
Let g be (-4)/(-46) - (-7100002)/1127. Suppose g = 308*z - 303*z. Calculate the greatest common factor of 90 and z.
90
Suppose 0 = 49*t - 99*t + 4050. What is the highest common factor of t and 63?
9
Let o(p) = 2*p**2 - 4*p + 9. Suppose -18 = -2*y - 7*y. Let q(c) = -3*c + 9. Let l be q(y). Let x be o(l). Calculate the highest common factor of 10 and x.
5
Let z(g) be the second derivative of g**4/6 - 2*g**3/3 + 3*g**2 - 25*g. Let s be z(5). Suppose -30 - 6 = -4*x. Calculate the highest common divisor of x and s.
9
Suppose -42*a - 2*q = -44*a + 470, -2*a = -3*q - 474. What is the highest common factor of a and 21?
21
Let b be (12 + -9)/33 + (-1583)/(-11). What is the greatest common factor of 378 and b?
18
Let m = 168 + -163. Suppose -2*d - 3*x = -270, -6*x = m*d - 4*x - 675. What is the greatest common divisor of d and 54?
27
Let c be (-320)/(-52) + 4/(-26). Let d be (15/(-35))/(3/(-21)). Let h = d + 6. What is the highest common divisor of c and h?
3
Suppose -2*o + 224 = -4*n, 0 = -n - 3. Suppose -10369 = -106*a + 6485. What is the greatest common factor of a and o?
53
Let m = -70 + 774. Suppose 4*f - m = 2*k, 0 = -f + 4*k + 221 - 45. What is the greatest common divisor of 48 and f?
16
Suppose 0 = -0*i + i + m - 2856, 5*i + m - 14256 = 0. Calculate the highest common divisor of i and 45.
15
Suppose 34*c = 90*c - 64*c + 8784. What is the greatest common factor of 854 and c?
122
Let c be -2 - (-9)/6 - 63648/(-576). Suppose 4*l = 6*l - 40. What is the highest common factor of c and l?
10
Suppose 5*b = -0*b - 30. Let r be b/(-21) + (-182)/(-49). Suppose 65 = r*p + p. What is the highest common divisor of 13 and p?
13
Let u(s) = -5212*s - 18 + 5264*s - 60. Let v be u(6). Calculate the greatest common divisor of v and 52.
26
Suppose 36*r = 38*r - 154. Let j = 103 - r. Calculate the highest common factor of j and 2.
2
Suppose -7*d = 3*d - 60. Let q(r) = -r**2 - 18*r - 75. Let n be q(-11). Calculate the highest common factor of n and d.
2
Suppose -2396 = 7*n - 8*n + 420. What is the greatest common factor of n and 16?
16
Let q be ((-96)/64)/(4/(16/6))*-135. What is the greatest common divisor of 288 and q?
9
Suppose t - 20 - 11 = -5*c, 2*t = 5*c - 28. Let s(i) = 2*i**3 - 2*i**2 - 4*i + 174. Let o be s(0). What is the highest common factor of c and o?
6
Suppose 8*q = -11 + 35. Suppose -308 = -q*h - 11*h. Suppose -h*c - 2 = -24*c. Calculate the highest common factor of c and 9.
1
Let h be 50/(-4)*16/(-20). Let o = 2 + -2. Suppose -59*p + 66*p - 35 = o. Calculate the greatest common factor of h and p.
5
Suppose 153*k - 85*k = 1360. Calculate the highest common factor of k and 110.
10
Suppose 0*t = t - 4*c - 91, -c + 392 = 5*t. Let p = 99 - t. Suppose -2*a - 2*r + 82 = -28, 2*r - 10 = 0. What is the greatest common divisor of p and a?
10
Let z = -41 - -46. Suppose n - 208 = -3*l - n, -z*l - 4*n = -344. Calculate the greatest common divisor of l and 24.
24
Let u = -8 - -14. Let q = -44309 - -44375. Calculate the highest common factor of u and q.
6
Suppose -978 = -4*g - 3*a, -62*g + 510 = -60*g + 5*a. Calculate the highest common divisor of g and 180.
60
Let s be (150/(-80))/((-3)/24). Suppose 33*w - 6804 = s*w. What is the highest common factor of w and 54?
54
Let s be -5 - (-318 + 19) - -14. What is the greatest common factor of s and 2884?
28
Let j = 20068 - 19672. Calculate the highest common divisor of j and 209.
11
Let d = -5531 - -10683. Calculate the highest common divisor of 46 and d.
46
Let a(i) = i**3 + 4*i**2 - 26*i - 9. Let x be a(5). Suppose x*r + 504 = 95*r. What is the greatest common divisor of r and 504?
56
Let z(w) = 20*w - 3*w**2 - 37 + 0*w**2 + 2*w**2 + 10. Let v be z(15). Let c be (7 + -3 - -28)*1. What is the greatest common factor of c and v?
16
Let q be (-1)/(-2)*(-12 + 13) - 6097/(-14). What is the highest common factor of 36 and q?
4
Let v = -147 - -264. Calculate the greatest common factor of v and 481.
13
Let s be ((-260)/650)/((-3)/630). What is the highest common divisor of 92 and s?
4
Suppose -3*b + 86 = -28. Let j(a) = 6*a**3 - 3*a**2 + 3*a - 6. Let d be j(4). Suppose 2*g - d = -g. What is the greatest common factor of b and g?
38
Let j = 24 + -9. Suppose 0 = j*g - 11*g - 12. Suppose -4*u - 2*i = -24, 3*i = -2*u + 9 + g. Calculate the greatest common divisor of u and 18.
6
Let b(a) = 2*a**3 - 8*a + 15. Let d be b(5). Let x be 12/(-60) + (-46)/(-5). What is the greatest common divisor of x and d?
9
Let d be 12 + (1 - 4 - 0). Let a(v) = v**2 + 34. Let i be a(0). Suppose 4*z - 5*j = 16, 5*j - i = -z - 5. Calculate the greatest common divisor of d and z.
9
Suppose y + 11 - 2 = -3*r, 0 = -y + 4*r + 5. Let n = 1 - y. Suppose -g - 99 = -4*q, 5*q + 4*g - 133 = -n. What is the greatest common divisor of 225 and q?
25
Let t = 56 - 62. Let w be (-3)/(t/(-4)) + 6. What is the highest common factor of 52 and w?
4
Let b be 3 - (0 - -4 - 2/2). Suppose 91*p - 85*p - 90 = b. What is the greatest common divisor of p and 40?
5
Let b = 287 - 288. Let s be (b - (-83)/2)*8/12. What is the highest common factor of s and 243?
27
Let f be ((-2)/(-9) - 1184/144) + 4403. What is the highest common factor of f and 30?
15
Suppose 6*m - 14 = 5*m + b, 5*m = -4*b + 25. Suppose 0 = -m*q + 7508 - 1838. What is the greatest common factor of 42 and q?
42
Let a be 18886/(-1491)*432/(-57). Suppose -3*f + 24 = x + f, 2*f = -3*x + 92. What is the highest common factor of a and x?
32
Let s be (146/14)/((-8)/(-56)). Let v = s + -65. Let u = -4 - -60. Calculate the highest common factor of v and u.
8
Suppose 49*k + 630 = 54*k. Suppose 0 = 17*b - 77 - 42. What is the greatest common factor of b and k?
7
Let w(g) = -2*g**3 + 13*g**2 + 2*g - 16. Let t be w(6). Suppose 3*j + 3*c = 13